n base 7, what is 2 + -32?
-30
In base 3, what is 11 - 10021?
-10010
In base 3, what is -10001011 + -20?
-10001101
In base 10, what is 2037 + -3?
2034
In base 3, what is 1010 + -201?
102
In base 4, what is -1020323 - -1?
-1020322
In base 8, what is 1777 + 4?
2003
In base 16, what is 8 + -9?
-1
In base 10, what is 1332 + -3?
1329
In base 16, what is 2 - b9?
-b7
In base 16, what is 5 - -25?
2a
In base 4, what is -11 - -3233?
3222
In base 11, what is 294 + -4?
290
In base 5, what is 3 + -14?
-11
In base 13, what is -b9 + 22?
-97
In base 4, what is -3 + 1232?
1223
In base 11, what is 752 - 3?
74a
In base 6, what is -1133 + 5?
-1124
In base 4, what is -20301 + 2?
-20233
In base 2, what is -1010 + 100011?
11001
In base 2, what is 100 + 10111011111?
10111100011
In base 9, what is 113 + 28?
142
In base 3, what is -110 + -220211?
-221021
In base 7, what is 0 - 1114?
-1114
In base 8, what is 13362 - 1?
13361
In base 8, what is 1010 + -2?
1006
In base 7, what is -3 + 1623?
1620
In base 8, what is 260 + -36?
222
In base 11, what is -59 + -24?
-82
In base 9, what is -3 - 276?
-280
In base 5, what is 0 - 13231?
-13231
In base 3, what is -121 - 102?
-1000
In base 10, what is -2016 + 2?
-2014
In base 10, what is -30 + 5?
-25
In base 9, what is 2 - -1?
3
In base 16, what is -2 + -db?
-dd
In base 11, what is -1 - 87?
-88
In base 12, what is 5 + 411?
416
In base 16, what is 9e + 8?
a6
In base 14, what is 4 - -93?
97
In base 8, what is 5 + -63?
-56
In base 13, what is -4a10 - 1?
-4a11
In base 2, what is -1001 + 1010110?
1001101
In base 7, what is 1 + -15?
-14
In base 5, what is 11 - 3314?
-3303
In base 6, what is -1115 + 3?
-1112
In base 9, what is 11 - 238?
-227
In base 2, what is 10010 - 1100010?
-1010000
In base 12, what is -5 + -1673?
-1678
In base 3, what is -2012 + 0?
-2012
In base 4, what is 2203 + -3?
2200
In base 14, what is -201 + -4?
-205
In base 14, what is -92a7 + 5?
-92a2
In base 14, what is -1b6 - 1?
-1b7
In base 12, what is -1206 - 2?
-1208
In base 7, what is 413 - 4?
406
In base 10, what is -4 + -96?
-100
In base 3, what is -2000 - 2?
-2002
In base 12, what is -2b - a3?
-112
In base 6, what is 234 - -13?
251
In base 13, what is -10 + -101?
-111
In base 10, what is -458 + -4?
-462
In base 6, what is 1 + 0?
1
In base 3, what is -10120 - -201?
-2212
In base 3, what is -101000 - -200?
-100100
In base 15, what is 4 + 7b?
80
In base 15, what is -4 + 587?
583
In base 9, what is 4 + 2?
6
In base 3, what is 12 + 2020?
2102
In base 4, what is -3 - -1113?
1110
In base 12, what is -9 - -464?
457
In base 5, what is 423 + 4?
432
In base 15, what is -180d + -3?
-1811
In base 4, what is -212 - 11?
-223
In base 13, what is 5 + -5c?
-57
In base 5, what is -12 + -2443?
-3010
In base 12, what is 4 - 5?
-1
In base 14, what is -9 + -20?
-29
In base 11, what is -7 + -a1?
-a8
In base 3, what is -2010200 + 0?
-2010200
In base 11, what is 783 + -3?
780
In base 7, what is -22 + 52?
30
In base 12, what is -26 + 2?
-24
In base 11, what is 221 + 6?
227
In base 11, what is 4 + -1261?
-1258
In base 2, what is 11010110 + -11?
11010011
In base 4, what is -323 + -20?
-1003
In base 14, what is 3 + -9?
-6
In base 3, what is -1 - -11000?
10222
In base 16, what is 240 - -4?
244
In base 13, what is -182 + 2?
-180
In base 11, what is -2192 - -3?
-218a
In base 7, what is 6134 + 6?
6143
In base 15, what is 8a + 3?
8d
In base 11, what is -320 - 3?
-323
In base 10, what is -1 + 3572?
3571
In base 12, what is -2 - -779?
777
In base 13, what is -3 - -43?
40
In base 10, what is 880 + 0?
880
In base 8, what is 13 - 161?
-146
In base 16, what is 3 + -30f?
-30c
In base 5, what is 24 + -102?
-23
In base 13, what is -115 + -2a?
-142
In base 10, what is -6 + 2621?
2615
In base 12, what is 5 + -3a0?
-397
In base 7, what is 30 - -2?
32
In base 6, what is -2 + 335?
333
In base 2, what is 1010000 + -1?
1001111
In base 4, what is 11 - -201?
212
In base 7, what is 21 - -3?
24
In base 11, what is 1aa - 3?
1a7
In base 13, what is -6b - 89?
-127
In base 9, what is -3 + 111?
107
In base 9, what is -23 - 104?
-127
In base 5, what is -40 - -1413?
1323
In base 6, what is -1 + 22544?
22543
In base 7, what is -311 - 14?
-325
In base 16, what is -1029 - 1?
-102a
In base 8, what is 3 + 263?
266
In base 11, what is -5 - -59?
54
In base 12, what is 121 + 18?
139
In base 10, what is 14 - 3?
11
In base 2, what is -100010010 + 11?
-100001111
In base 12, what is -9 - -17?
a
In base 16, what is -4 - -3e7?
3e3
In base 13, what is 10 - -21?
31
In base 3, what is 2110 - -11001?
20111
In base 15, what is 4 + 36?
3a
In base 15, what is -a25 - 0?
-a25
In base 10, what is -65 - 12?
-77
In base 15, what is -5 - 455?
-45a
In base 4, what is 121 - -2?
123
In base 11, what is -9 - -2?
-7
In base 6, what is -15025 + -2?
-15031
In base 2, what is -11 + 10000000010?
1111111111
In base 9, what is -175 + -3?
-178
In base 9, what is -5 + -70?
-75
In base 14, what is -1b + 1b?
0
In base 10, what is 5 - -10?
15
In base 4, what is -102030 - -1?
-102023
In base 12, what is -5 + 8?
3
In base 15, what is 5c72 - 3?
5c6e
In base 6, what is 1420 - -2?
1422
In base 14, what is -7 + 37?
30
In base 5, what is 11 - -4?
20
In base 15, what is -19d9 - -3?
-19d6
In base 3, what is -222 + 1012?
20
In base 11, what is 5 - 9?
-4
In base 15, what is -7 - c?
-14
In base 11, what is -11 - -227?
216
In base 7, what is -3204 - 4?
-3211
In base 7, what is -1 - 14?
-15
In base 2, what is -1001111000 + -11?
-1001111011
In base 6, what is -20 - -4312?
4252
In base 5, what is -2011 - -10?
-2001
In base 10, what is 0 - 1164?
-1164
In base 9, what is -3 - 70?
-73
In base 11, what is -17 + -3?
-1a
In base 2, what is 11001000 - -101?
11001101
In base 14, what is -5 - -2018?
2013
In base 15, what is -8a + 7?
-83
In base 6, what is -30 + -102?
-132
In base 8, what is -4 - 5324?
-5330
In base 6, what is 2 - 3?
-1
In base 8, what is 5 + 7510?
7515
In base 2, what is 10111000111 + -1?
10111000110
In base 15, what is 1 - -b?
c
In base 14, what is 9b - 2?
99
In base 11, what is -1 - 3311?
-3312
In base 14, what is 1b8 - 0?
1b8
In base 6, what is 112 - -4?
120
In base 4, what is -303112 - -2?
-303110
In base 16, what is -1 + 513?
512
In base 16, what is -1eaf - -5?
-1eaa
In base 5, what is 14002 + 4?
14011
In base 12, what is 2 - 355?
-353
In base 13, what is 44 + 1?
45
In base 15, what is -1aed - -4?
-1ae9
In base 15, what is 5 - -b2?
b7
In base 15, what is 1d - -332?
350
In base 2, what is 100 + -10110011?
-10101111
In base 12, what is -11a3 + 5?
-119a
In base 13, what is -49 + -5?
-51
In base 16, what is a16 - 5?
a11
In base 3, what is -10 - -1?
-2
In base 4, what is -122021 + -10?
-122031
In base 6, what is -222 - -1?
-221
In base 2, what is -110000100 + 100?
-110000000
In base 11, what is a + -30?
-21
In base 6, what is -1044 - -41?
-1003
In base 3, what is 120 + -1002?
-112
In base 3, what is 1211 - -1?
1212
In base 13, what is 104 + -1?
103
In base 2, what is -1100011 + -1?
-1100100
In base 7, what is 24062 + -1?
24061
In base 13, what is cc4 + -1?
cc3
In base 9, what is 12 + 1?
13
In base 2, what is 1 - -100011110?
100011111
In base 9, what is -186 + 48?
-137
In base 11, what is 1 - -67?
68
In base 16, what is 5 + -9d?
-98
In base 9, what is 0 - 52?
-52
In base 5, what is -10 + 1342?
1332
In base 4, what is 2320 - -11?
2331
In base 2, what is -1101111110011110 - -101?
-1101111110011001
In base 11, what is 267 - 3?
264
In base 12, what is 2 - a?
-8
In base 16, what is 391 + -1?
390
In base 2, what is 111 + 111111?
1000110
In base 12, what is -6440 + -3?
-6443
In base 4, what is 1222 + 10?
1232
In base 9, what is -11120 + -5?
-11125
In base 10, what is -16 + -3?
-19
In base 15, what is 5 - 3?
2
In base 11, what is -211 - -4?
-208
In base 9, what is 0 - -2144?
2144
In base 2, what is -10110100 + 11?
-10110001
In base 15, what is 13 + 1d6?
1e9
In base 7, what is -34 - -13?
-21
In base 4, what is 3032 + 3?
3101
In base 3, what is 21122 - 1?
21121
In base 16, what is 5 - 382?
-37d
In base 7, what is 11 - 0?
11
In base 6, what is 1345 + -1?
1344
In base 10, what is -1014 + -1?
-1015
In base 11, what is a7 + -a7?
0
In base 9, what is 3 - 440?
-436
In base 10, what is -251 - -2?
-249
In base 12, what is -15 - -2?
-13
In base 7, what is -2061 + -6?
-2100
In base 15, what is 58